{"id":3131,"date":"2021-01-29T12:02:07","date_gmt":"2021-01-29T12:02:07","guid":{"rendered":"https:\/\/wp.up.pt\/fadeupinformatica\/?page_id=3131"},"modified":"2021-05-12T10:26:58","modified_gmt":"2021-05-12T10:26:58","slug":"spss-idioma","status":"publish","type":"page","link":"https:\/\/wp.up.pt\/fadeupinformatica\/ibm-spss\/spss-idioma\/","title":{"rendered":"SPSS &#8211; Idioma"},"content":{"rendered":"<p><a href=\"https:\/\/www.ibm.com\/analytics\/spss-statistics-software\" target=\"_blank\" rel=\"noopener noreferrer\"><img loading=\"lazy\" decoding=\"async\" class=\"aligncenter wp-image-750\" src=\"http:\/\/wp.up.pt\/fadeupinformatica\/wp-content\/uploads\/sites\/60\/2017\/04\/iconSPSS.png\" alt=\"\" width=\"126\" height=\"71\" \/><\/a><\/p>\n<p>&nbsp;<\/p>\n<p>Caso pretenda, poder\u00e1 <strong>alterar o idioma<\/strong> deste programa. <strong>Para auxiliar nesse processo, poder\u00e1 visualizar os seguintes v\u00eddeos<\/strong>, consoante o seu Sistema Operativo:<\/p>\n<p>&nbsp;<\/p>\n<p style=\"text-align: center;\"><img loading=\"lazy\" decoding=\"async\" class=\"alignnone size-full wp-image-751\" src=\"http:\/\/wp.up.pt\/fadeupinformatica\/wp-content\/uploads\/sites\/60\/2017\/04\/msft2.png\" alt=\"\" width=\"34\" height=\"34\" \/><\/p>\n<p style=\"text-align: center;\">\u00a0 <strong>Microsoft <\/strong><strong>Windows:<\/strong><\/p>\n<p>&nbsp;<\/p>\n<div style=\"width: 1200px;\" class=\"wp-video\"><video class=\"wp-video-shortcode\" id=\"video-3131-1\" width=\"1200\" height=\"675\" preload=\"metadata\" controls=\"controls\"><source type=\"video\/mp4\" src=\"https:\/\/wp.up.pt\/fadeupinformatica\/wp-content\/uploads\/sites\/60\/2021\/01\/SPSS27-Alterar-Idioma-PT.mp4?_=1\" \/><a href=\"https:\/\/wp.up.pt\/fadeupinformatica\/wp-content\/uploads\/sites\/60\/2021\/01\/SPSS27-Alterar-Idioma-PT.mp4\">https:\/\/wp.up.pt\/fadeupinformatica\/wp-content\/uploads\/sites\/60\/2021\/01\/SPSS27-Alterar-Idioma-PT.mp4<\/a><\/video><\/div>\n<p>&nbsp;<\/p>\n<hr \/>\n<p style=\"text-align: center;\"><img loading=\"lazy\" decoding=\"async\" class=\"alignnone wp-image-685\" src=\"http:\/\/wp.up.pt\/fadeupinformatica\/wp-content\/uploads\/sites\/60\/2017\/02\/apple_small-1.jpg\" alt=\"\" width=\"47\" height=\"47\" \/>\u00a0 <strong>Mac<\/strong><strong> OS X 10.5 ou superior:<\/strong><\/p>\n<p>&nbsp;<\/p>\n<div style=\"width: 1200px;\" class=\"wp-video\"><video class=\"wp-video-shortcode\" id=\"video-3131-2\" width=\"1200\" height=\"675\" preload=\"metadata\" controls=\"controls\"><source type=\"video\/mp4\" src=\"https:\/\/wp.up.pt\/fadeupinformatica\/wp-content\/uploads\/sites\/60\/2021\/03\/SPSS27_MAC-Idioma-PT.mp4?_=2\" \/><a href=\"https:\/\/wp.up.pt\/fadeupinformatica\/wp-content\/uploads\/sites\/60\/2021\/03\/SPSS27_MAC-Idioma-PT.mp4\">https:\/\/wp.up.pt\/fadeupinformatica\/wp-content\/uploads\/sites\/60\/2021\/03\/SPSS27_MAC-Idioma-PT.mp4<\/a><\/video><\/div>\n<p>&nbsp;<\/p>\n","protected":false},"excerpt":{"rendered":"<p>&nbsp; Caso pretenda, poder\u00e1 alterar o idioma deste programa. Para auxiliar nesse processo, poder\u00e1 visualizar os seguintes v\u00eddeos, consoante o seu Sistema Operativo: &nbsp; \u00a0 Microsoft Windows: &nbsp; &nbsp; \u00a0 Mac OS X 10.5 ou superior: &nbsp; &nbsp;<\/p>\n","protected":false},"author":345,"featured_media":0,"parent":3082,"menu_order":0,"comment_status":"closed","ping_status":"closed","template":"","meta":{"footnotes":""},"class_list":["post-3131","page","type-page","status-publish"],"_links":{"self":[{"href":"https:\/\/wp.up.pt\/fadeupinformatica\/wp-json\/wp\/v2\/pages\/3131","targetHints":{"allow":["GET"]}}],"collection":[{"href":"https:\/\/wp.up.pt\/fadeupinformatica\/wp-json\/wp\/v2\/pages"}],"about":[{"href":"https:\/\/wp.up.pt\/fadeupinformatica\/wp-json\/wp\/v2\/types\/page"}],"author":[{"embeddable":true,"href":"https:\/\/wp.up.pt\/fadeupinformatica\/wp-json\/wp\/v2\/users\/345"}],"replies":[{"embeddable":true,"href":"https:\/\/wp.up.pt\/fadeupinformatica\/wp-json\/wp\/v2\/comments?post=3131"}],"version-history":[{"count":9,"href":"https:\/\/wp.up.pt\/fadeupinformatica\/wp-json\/wp\/v2\/pages\/3131\/revisions"}],"predecessor-version":[{"id":4059,"href":"https:\/\/wp.up.pt\/fadeupinformatica\/wp-json\/wp\/v2\/pages\/3131\/revisions\/4059"}],"up":[{"embeddable":true,"href":"https:\/\/wp.up.pt\/fadeupinformatica\/wp-json\/wp\/v2\/pages\/3082"}],"wp:attachment":[{"href":"https:\/\/wp.up.pt\/fadeupinformatica\/wp-json\/wp\/v2\/media?parent=3131"}],"curies":[{"name":"wp","href":"https:\/\/api.w.org\/{rel}","templated":true}]}}